ose 2*w = 20 + 32. Let k = 30 - w. Suppose -s + 5*n + 30 = 0, 2*n + 27 = k*s - 3*s. What is the units digit of s?
5
Let q be 15*(-1 - (-7)/5). Suppose q*j + 154 = 550. What is the tens digit of j?
6
Let r = 2327 + -542. What is the thousands digit of r?
1
Let r(q) = q**2 - 6*q + 5. Let n be r(5). Suppose 2*m - 72 = -n*m. Let c = 61 - m. What is the tens digit of c?
2
Suppose 3*l - 5*m - 1232 = 0, 0 = -l + 3*m + 311 + 101. What is the units digit of l?
9
Let g(k) = -k**2 + 9*k - 3. Suppose 12 = 2*i - 6. Let n be g(i). What is the tens digit of 13 + (-3)/(n/2)?
1
Let j = -99 - -260. Let d = j + -102. What is the tens digit of d?
5
Suppose 2033 - 103 = 5*v. What is the units digit of v?
6
Let m(i) be the third derivative of i**5/30 - i**4/6 - i**3/3 - 12*i**2. What is the units digit of m(6)?
6
Suppose 20 = 3*l + l. Suppose -4*j - 7 = 3*g, -l*g + 6 = j - 5. Suppose 0 = -3*m + g + 3. What is the units digit of m?
2
Let s(r) = 2*r**2 - 5*r - 3. Let a be s(-2). Let l = a + -4. What is the tens digit of l?
1
What is the thousands digit of (-2 + -11)/(485/81 - 6)?
1
Suppose -7 = -3*p - 25. Let t(w) = 7*w - 5. Let g be t(p). What is the tens digit of -3 + 0 + (3 - g)?
4
Let o be (-8)/(-12)*1*27. Let n = 12 - o. What is the units digit of (-57)/n - 6/4?
8
Suppose 4*p = -a - 21, 7*p - 4*p + a = -15. Let o be (4/p)/((-4)/(-12)). What is the units digit of (-4 - -3) + (o - -10)?
7
Let h be (13 - 4/(-1)) + -2. What is the units digit of (-139)/(-1) + -19 + h?
5
Let q(l) = 66*l**2 - 11*l - 10. What is the tens digit of q(-2)?
7
Suppose -10 = 2*n - 100. Suppose -n = -q - 9. What is the tens digit of q?
3
Let r(l) = -l**3 - 8*l**2 + 9*l - 14. Let z be r(-8). Let y = 149 + z. What is the units digit of y?
3
Suppose 65*n - 76*n + 24871 = 0. What is the tens digit of n?
6
Suppose -5*m + 731 = -f - 3871, 4*f = -8. What is the hundreds digit of m?
9
Let m be -2 + 5 + (11 - 0). Suppose -5*w - 104 + m = 0. What is the tens digit of w/4*32/(-12)?
1
Suppose -d + 6*d - 327 = -4*y, -d = 2*y - 165. What is the units digit of y?
3
Suppose 0*o = -o + y + 12, 2*o + 2*y - 12 = 0. What is the units digit of (-3051)/(-36) - (o/12 + -1)?
5
Suppose 9*b - 22848 - 2766 = 0. What is the tens digit of b?
4
Let m(k) = 8*k + 18. Let x be m(-4). Let z(g) = g**3 + 13*g**2 - 17*g - 28. What is the units digit of z(x)?
4
What is the tens digit of (-41349)/165*(1 + -6)?
5
Let l(u) be the first derivative of -3*u**4/4 - u**3 - u**2 - 3*u + 4. Let p be l(-2). Suppose -4*i + p = 4*y - i, 3*y = -i + 11. What is the units digit of y?
4
Let r = 50 - 42. Suppose 17*a - 153 = r*a. What is the units digit of a?
7
Let j(t) = t**2 - 3*t - 8. Suppose -4*x - 19 - 5 = 0. Let s be j(x). Suppose 4*k - 6 = s. What is the units digit of k?
3
Let g be (5 + (-2)/1)*(-178)/6. Let t = 10 - g. What is the units digit of t?
9
Suppose -b + 59 = 2*f - f, -4*f - 3*b = -239. Suppose f - 202 = -5*n. Let i = -21 + n. What is the units digit of i?
7
Let c = 0 - 3. Let v = -5 - c. What is the units digit of (2/(-2)*10)/v?
5
Suppose l + 172 = 5*l - 4*o, l - 4*o - 37 = 0. Let g = l + 51. What is the units digit of g?
6
Suppose 7*o + 2131 - 10125 = 0. What is the units digit of o?
2
Let o be (-33)/(-6*(-4)/16). Let b be 88/(-1) - 0 - -2. Let a = o - b. What is the units digit of a?
4
Let y(i) = -i**3 - 10*i**2 - 13*i - 31. Let z be y(-9). Suppose -5*o + 2*m = -0*o - 658, -3*o + 401 = z*m. What is the hundreds digit of o?
1
Let i = 503 + -848. Let k = -226 - i. What is the units digit of k?
9
Let r(k) = -k**3 - 6*k**2 - 19*k - 50. What is the hundreds digit of r(-11)?
7
What is the thousands digit of 52283/44 - 55/44?
1
Let j(h) = -h**3 + 8*h**2 - 7*h. Let k be j(7). Let t(l) = l + 24. Let z be t(k). Suppose -2*n + n = -z. What is the tens digit of n?
2
Let d(o) = -3*o**2 - 6*o - 5 + 3 + 4*o - o**3. Let y be d(-2). What is the tens digit of 8*(0 - 1)*y?
1
Let j(z) = -z**3 + 11*z**2 + 25*z - 12. What is the hundreds digit of j(-9)?
3
Let s(a) = -2*a + 2. Let z be s(0). Let m = 40 - z. What is the units digit of m?
8
Suppose -2*w = -7*w - 30. Let a = w - -6. Suppose a = -z + 5*z - x - 51, 5*x + 31 = 4*z. What is the tens digit of z?
1
Let c = 528 + -264. Let d = -162 + c. What is the hundreds digit of d?
1
Let q = 488 + 0. What is the units digit of q?
8
Suppose -k - 4*c - 23 = -4*k, 2*k + 3*c - 21 = 0. Let j be 585/k + (-2)/1. Suppose 7 = 5*i + 2*a - 43, 3*a + j = 4*i. What is the tens digit of i?
1
Suppose -3*m - 5*j + 10 = 0, 4*m = j - 0*j + 21. Suppose 84 = -m*y + y. Let v = 52 + y. What is the tens digit of v?
3
Suppose -5*q + 2*q + 1161 = 0. What is the tens digit of q?
8
What is the units digit of 61607/147 + (-2)/21?
9
Let k(p) = 312*p + 5. What is the tens digit of k(2)?
2
Let v(j) = -22*j + 7*j - 9*j - 1 + 4. What is the hundreds digit of v(-5)?
1
Let g(j) = 514*j**2 + 5*j + 1. What is the hundreds digit of g(-2)?
0
Let h = -26 - -66. Suppose -10 = -5*t - 5*a, 5*t - a - 4*a + h = 0. Let l(y) = 2*y**2 + 5*y + 2. What is the units digit of l(t)?
5
Let f be ((-3)/(-2))/((-186)/(-36) - 5). What is the units digit of (-156)/f*1/((-4)/6)?
6
Let c(i) = 112*i**2 - 2*i - 20. What is the units digit of c(4)?
4
Let k(f) = -f**2 - 5*f - 1. Let w be k(-4). Suppose w*m + 199 = 3*a + m, -63 = -a + 4*m. What is the units digit of a?
7
Suppose -5*b = 2*q + 15, q + 3*b = -q - 9. Suppose q*l - 2*l = -24. What is the tens digit of l/42 + (-624)/(-21)?
3
Let l = 2430 + 763. What is the thousands digit of l?
3
Let c(m) = 7*m**2 + 206. What is the tens digit of c(12)?
1
Let b be 2/5 - (-7)/(-5). Let l = -12 + b. Let k = l - -15. What is the units digit of k?
2
Let b(m) = 1 + 6 + 4 - 3*m + 2. Let k be b(0). Suppose k*j - 8*j = 225. What is the units digit of j?
5
Let o(n) = -3*n - 4. Let s be o(-2). Let u(q) = 6*q**3 + 2*q**2 - 2*q. What is the units digit of u(s)?
2
Suppose -5*u + 40 = -5*z, z + 0*z = -3*u - 24. What is the units digit of ((-6)/z - 0)*312/2?
8
Let s(h) = 6*h**3 + h - 2. Let n be s(-2). Let d = -30 - n. Suppose -v + d = -0*v. What is the tens digit of v?
2
Suppose -3*s = -8 - 4. Suppose -10*n = -12*n + s. What is the tens digit of 327/12 + n/(-8)?
2
Suppose -8*t + 5*t = -48. What is the tens digit of t?
1
Suppose 0 = 3*c + 4*o - 3575, 0 = 36*c - 40*c - 4*o + 4772. What is the units digit of c?
7
Suppose -1144 = 2*v - 11342. What is the hundreds digit of v?
0
Let l be (5/4)/(1/4). What is the units digit of 1/(-2)*l*-24?
0
Suppose -8*w + 10*w - 1 = -u, 5 = 2*w + 5*u. Suppose -y + 5 - 3 = 0. Suppose w = y*v - 3*x + 5*x - 8, 5*v = 2*x + 6. What is the units digit of v?
2
Let h(w) = w**3 - 2*w**2 - w + 4. Let x be h(4). Suppose 0*v + 4*v = x. What is the units digit of 2/v - (-107)/4?
7
Let j be ((-38)/(-1))/(-3 - -5). Suppose -8*g = -9*g + j. What is the tens digit of g?
1
Suppose 0 = 5*n + 4*l - 29910, -10*l - 15 = -13*l. What is the units digit of n?
8
Let f be (-52)/26 - 16/(-1). Suppose 9*l + 280 = f*l. What is the units digit of l?
6
Suppose -2*h + 762 = 3*c, -5*c - 5*h + 159 = -1116. What is the tens digit of c?
5
Suppose 9610 = 14*b - 1366. What is the units digit of b?
4
Suppose -102*f - 24500 = -116*f. What is the thousands digit of f?
1
Let k(i) = -52*i**3 + 8*i**2 + 8*i - 10. What is the thousands digit of k(-3)?
1
Let k = -50 + 431. What is the units digit of k?
1
Suppose -1687 = -10*d + 2793. What is the hundreds digit of d?
4
Let m(i) = i**3 + 5*i**2 - 3*i - 4. Let x be m(-6). Let h = x - -33. Let f(n) = n**3 - 10*n**2 - 9*n + 1. What is the tens digit of f(h)?
2
Suppose -2*g - 3*l = 0, -g + 4*g - 2*l - 26 = 0. Let k = g - -2. What is the units digit of k?
8
What is the tens digit of (-83)/(-166) - 9439*2/(-4)?
2
Let h(a) = -a**3 - 10*a**2 - 5*a - 8. Let b(s) = -s**3 - 10*s**2 - 4*s - 8. Let j(d) = -6*b(d) + 5*h(d). What is the tens digit of j(-6)?
5
Let h(o) = -317*o**3 + o**2 + 3*o + 1. What is the hundreds digit of h(-1)?
3
Let s be (-352)/(-6) - (-4)/(-6). Let n(x) = -x**3 + 9*x**2 - 14*x + 3. Let y be n(7). What is the tens digit of s - (1 - y) - 0?
6
Suppose -v - a = -5*a + 437, 0 = -v + 5*a - 438. What is the hundreds digit of v/(-3) - 4/(-6)?
1
Let c be 6/27 + (-9824)/(-18). Suppose -5*l + 214 = -c. What is the units digit of l?
2
Let t = 128 - -542. What is the units digit of t?
0
Suppose 500 = -4*g 